{"id":889,"date":"2016-08-29T15:53:38","date_gmt":"2016-08-29T15:53:38","guid":{"rendered":"https:\/\/www.heartist.ch\/?page_id=889"},"modified":"2016-08-31T20:03:17","modified_gmt":"2016-08-31T20:03:17","slug":"offering","status":"publish","type":"page","link":"https:\/\/www.heartist.ch\/?page_id=889","title":{"rendered":"Offering"},"content":{"rendered":"<p>[et_pb_section admin_label=&#187;Section&#187; fullwidth=&#187;off&#187; specialty=&#187;off&#187; background_image=&#187;https:\/\/www.heartist.ch\/wp-content\/uploads\/2016\/08\/pos_lp_bg.jpg&#187; transparent_background=&#187;off&#187; background_color=&#187;#ffffff&#187; allow_player_pause=&#187;off&#187; inner_shadow=&#187;off&#187; parallax=&#187;on&#187; parallax_method=&#187;off&#187; padding_mobile=&#187;off&#187; make_fullwidth=&#187;off&#187; use_custom_width=&#187;off&#187; width_unit=&#187;on&#187; make_equal=&#187;off&#187; use_custom_gutter=&#187;off&#187;][et_pb_row admin_label=&#187;Row&#187; make_fullwidth=&#187;off&#187; use_custom_width=&#187;off&#187; width_unit=&#187;on&#187; use_custom_gutter=&#187;off&#187; padding_mobile=&#187;off&#187; allow_player_pause=&#187;off&#187; parallax=&#187;off&#187; parallax_method=&#187;off&#187; make_equal=&#187;off&#187; parallax_1=&#187;on&#187; parallax_method_1=&#187;off&#187; parallax_2=&#187;on&#187; parallax_method_2=&#187;off&#187; parallax_3=&#187;on&#187; parallax_method_3=&#187;off&#187; parallax_4=&#187;on&#187; parallax_method_4=&#187;off&#187; column_padding_mobile=&#187;on&#187;][et_pb_column type=&#187;1_4&#8243;][\/et_pb_column][et_pb_column type=&#187;1_4&#8243;][\/et_pb_column][et_pb_column type=&#187;1_4&#8243;][et_pb_text admin_label=&#187;Text&#187; background_layout=&#187;light&#187; text_orientation=&#187;right&#187; text_font_size=&#187;24&#8243; text_text_color=&#187;#303030&#8243; use_border_color=&#187;off&#187; border_color=&#187;#ffffff&#187; border_style=&#187;solid&#187; background_color=&#187;rgba(255,255,255,0.75)&#187; custom_padding=&#187;10px|10px|10px|10px&#187; custom_margin=&#187;10px|10px|10px|10px&#187;]<\/p>\n<p style=\"text-align: center;\"><img loading=\"lazy\" decoding=\"async\" class=\"wp-image-883 size-medium aligncenter\" src=\"https:\/\/www.heartist.ch\/wp-content\/uploads\/2016\/08\/pos_lp_logo_black-03-300x150.png\" width=\"300\" height=\"150\" \/>Starke Auftritte die ber\u00fchren, erheitern, und ganz neue Perspektiven er\u00f6ffnen auf gesellschaftsrelevante Themen.<br \/>\nAuch massgeschneidert auf Kongresse, Spezialanl\u00e4sse usw.<br \/>\nMit vielf\u00e4ltigen k\u00fcnstlerischen Ausdrucksmitteln wie humoristischen Texten, Gedichten, Tanz, Clown und Interaktion, die in wahrstem Sinne verschiedene Ebenen in Bewegung bringen.<\/p>\n<p>[\/et_pb_text][et_pb_text admin_label=&#187;Text&#187; background_layout=&#187;light&#187; text_orientation=&#187;left&#187; text_font_size=&#187;18&#8243; text_text_color=&#187;#303030&#8243; use_border_color=&#187;off&#187; border_color=&#187;#ffffff&#187; border_style=&#187;solid&#187; background_color=&#187;rgba(255,255,255,0.75)&#187; custom_padding=&#187;10px|10px|10px|10px&#187; custom_margin=&#187;10px|10px|10px|10px&#187;]<\/p>\n<div class=\"et_pb_blurb_container\">\n<p style=\"text-align: center;\"><strong>OFFERING:<\/strong><\/p>\n<p>&nbsp;<\/p>\n<p><strong>RE-SOURCE!<\/strong><\/p>\n<blockquote>\n<p style=\"text-align: left;\">Theatercollage: Texte, Tanz, Clown, Lieder<br \/>\n(ca. 30 min)<\/p>\n<\/blockquote>\n<div class=\"et_pb_blurb_container\">\n<p><strong>FRAGILE-STRONG<\/strong><\/p>\n<blockquote>\n<p style=\"text-align: left;\">Theatercollage: Texte, Tanz, Clown, Lieder<br \/>\n(2 x 15 min)<\/p>\n<\/blockquote>\n<p><strong>VERFLIXT CONFLIKT<\/strong><\/p>\n<blockquote>\n<p style=\"text-align: left;\">Kabarettclown zu den 4 Schritten der gewaltfreien Kommunikation\u201c<br \/>\n(ca. 30 min)<\/p>\n<\/blockquote>\n<p><strong>MI K\u00d6RPER GEH\u00d6RT MIR! Selbstbewusst sexuelle Ausbeutung verhindern<\/strong><\/p>\n<blockquote>\n<p style=\"text-align: left;\">ein interaktives Schulpr\u00e4ventionstheater<\/p>\n<\/blockquote>\n<\/div>\n<\/div>\n<p>[\/et_pb_text][\/et_pb_column][et_pb_column type=&#187;1_4&#8243;][et_pb_blurb admin_label=&#187;Blurb&#187; title=&#187;RE-SOURCE!&#187; url=&#187;https:\/\/www.heartist.ch\/?page_id=651&#8243; url_new_window=&#187;off&#187; use_icon=&#187;off&#187; font_icon=&#187;%%66%%&#187; icon_color=&#187;#dd9933&#8243; use_circle=&#187;off&#187; circle_color=&#187;#dd9933&#8243; use_circle_border=&#187;off&#187; circle_border_color=&#187;#dd9933&#8243; icon_placement=&#187;top&#187; animation=&#187;off&#187; background_layout=&#187;dark&#187; text_orientation=&#187;left&#187; use_icon_font_size=&#187;off&#187; use_border_color=&#187;off&#187; border_color=&#187;#ffffff&#187; border_style=&#187;solid&#187; max_width=&#187;250px&#187; background_color=&#187;rgba(173,155,239,0.75)&#187; custom_padding=&#187;25px|10px|10px|10px&#187; body_line_height=&#187;1em&#187; custom_margin=&#187;10px|10px|10px|10px&#187; header_letter_spacing=&#187;2px&#187; header_font=&#187;|on|||&#187; image=&#187;https:\/\/www.heartist.ch\/wp-content\/uploads\/2016\/08\/resource.jpg&#187;]<\/p>\n<blockquote><p>Theatercollage: Texte, Tanz, Clown, Lieder<br \/>\n(ca. 30 min)<\/p><\/blockquote>\n<p>[\/et_pb_blurb][et_pb_blurb admin_label=&#187;Blurb&#187; title=&#187;FRAGILE-STRONG&#187; url_new_window=&#187;off&#187; use_icon=&#187;off&#187; font_icon=&#187;%%28%%&#187; icon_color=&#187;#dd9933&#8243; use_circle=&#187;off&#187; circle_color=&#187;#dd9933&#8243; use_circle_border=&#187;off&#187; circle_border_color=&#187;#dd9933&#8243; image=&#187;https:\/\/www.heartist.ch\/wp-content\/uploads\/2016\/08\/fragile.jpg&#187; icon_placement=&#187;top&#187; animation=&#187;off&#187; background_layout=&#187;dark&#187; text_orientation=&#187;left&#187; use_icon_font_size=&#187;off&#187; use_border_color=&#187;off&#187; border_color=&#187;#ffffff&#187; border_style=&#187;solid&#187; max_width=&#187;250px&#187; background_color=&#187;rgba(173,155,239,0.75)&#187; custom_padding=&#187;25px|10px|10px|10px&#187; body_line_height=&#187;1em&#187; custom_margin=&#187;10px|10px|10px|10px&#187; header_font=&#187;Oswald|on|||&#187; header_letter_spacing=&#187;2px&#187;]<\/p>\n<blockquote><p>Theatercollage: Texte, Tanz, Clown, Lieder<br \/>\n(2 x 15 min)<\/p><\/blockquote>\n<p>[\/et_pb_blurb][et_pb_blurb admin_label=&#187;Blurb&#187; title=&#187;VERFLIXT CONFLIKT&#187; url_new_window=&#187;off&#187; use_icon=&#187;off&#187; font_icon=&#187;%%28%%&#187; icon_color=&#187;#dd9933&#8243; use_circle=&#187;off&#187; circle_color=&#187;#dd9933&#8243; use_circle_border=&#187;off&#187; circle_border_color=&#187;#dd9933&#8243; image=&#187;https:\/\/www.heartist.ch\/wp-content\/uploads\/2016\/08\/verflixt.jpg&#187; icon_placement=&#187;top&#187; animation=&#187;off&#187; background_layout=&#187;dark&#187; text_orientation=&#187;left&#187; use_icon_font_size=&#187;off&#187; use_border_color=&#187;off&#187; border_color=&#187;#ffffff&#187; border_style=&#187;solid&#187; max_width=&#187;250px&#187; background_color=&#187;rgba(173,155,239,0.75)&#187; custom_padding=&#187;25px|10px|10px|10px&#187; body_line_height=&#187;1em&#187; custom_margin=&#187;10px|10px|10px|10px&#187; header_letter_spacing=&#187;2px&#187; header_font=&#187;|on|||&#187;]<\/p>\n<blockquote><p>Kabarettclown zu den 4 Schritten der gewaltfreien Kommunikation\u201c<br \/>\n(ca. 30 min)<\/p><\/blockquote>\n<p>[\/et_pb_blurb][et_pb_blurb admin_label=&#187;Blurb&#187; title=&#187;MI K\u00d6RPER GEH\u00d6RT MIR! Selbstbewusst sexuelle Ausbeutung verhindern&#187; url_new_window=&#187;off&#187; use_icon=&#187;off&#187; font_icon=&#187;%%28%%&#187; icon_color=&#187;#dd9933&#8243; use_circle=&#187;off&#187; circle_color=&#187;#dd9933&#8243; use_circle_border=&#187;off&#187; circle_border_color=&#187;#dd9933&#8243; image=&#187;https:\/\/www.heartist.ch\/wp-content\/uploads\/2016\/08\/theater6.jpg&#187; icon_placement=&#187;top&#187; animation=&#187;off&#187; background_layout=&#187;dark&#187; text_orientation=&#187;left&#187; use_icon_font_size=&#187;off&#187; use_border_color=&#187;off&#187; border_color=&#187;#ffffff&#187; border_style=&#187;solid&#187; max_width=&#187;250px&#187; background_color=&#187;rgba(173,155,239,0.75)&#187; custom_padding=&#187;25px|10px|10px|10px&#187; body_line_height=&#187;1em&#187; custom_margin=&#187;10px|10px|10px|10px&#187; header_letter_spacing=&#187;2px&#187; header_font=&#187;|on|||&#187;]<\/p>\n<blockquote><p>ein interaktives Schulpr\u00e4ventionstheater<\/p><\/blockquote>\n<p><a href=\"http:\/\/www.vitamin-a.ch\" target=\"_blank\">vitamin-a.ch<\/a><\/p>\n<p>[\/et_pb_blurb][\/et_pb_column][\/et_pb_row][\/et_pb_section]<\/p>\n","protected":false},"excerpt":{"rendered":"<p>Starke Auftritte die ber\u00fchren, erheitern, und ganz neue Perspektiven er\u00f6ffnen auf gesellschaftsrelevante Themen. Auch massgeschneidert auf Kongresse, Spezialanl\u00e4sse usw. Mit vielf\u00e4ltigen k\u00fcnstlerischen Ausdrucksmitteln wie humoristischen Texten, Gedichten, Tanz, Clown und Interaktion, die in wahrstem Sinne verschiedene Ebenen in Bewegung bringen. OFFERING: &nbsp; RE-SOURCE! Theatercollage: Texte, Tanz, Clown, Lieder (ca. 30 min) FRAGILE-STRONG Theatercollage: Texte, Tanz, [&hellip;]<\/p>\n","protected":false},"author":1,"featured_media":0,"parent":0,"menu_order":0,"comment_status":"closed","ping_status":"closed","template":"","meta":{"_et_pb_use_builder":"on","_et_pb_old_content":"","_et_gb_content_width":"","footnotes":""},"class_list":["post-889","page","type-page","status-publish","hentry"],"_links":{"self":[{"href":"https:\/\/www.heartist.ch\/index.php?rest_route=\/wp\/v2\/pages\/889","targetHints":{"allow":["GET"]}}],"collection":[{"href":"https:\/\/www.heartist.ch\/index.php?rest_route=\/wp\/v2\/pages"}],"about":[{"href":"https:\/\/www.heartist.ch\/index.php?rest_route=\/wp\/v2\/types\/page"}],"author":[{"embeddable":true,"href":"https:\/\/www.heartist.ch\/index.php?rest_route=\/wp\/v2\/users\/1"}],"replies":[{"embeddable":true,"href":"https:\/\/www.heartist.ch\/index.php?rest_route=%2Fwp%2Fv2%2Fcomments&post=889"}],"version-history":[{"count":12,"href":"https:\/\/www.heartist.ch\/index.php?rest_route=\/wp\/v2\/pages\/889\/revisions"}],"predecessor-version":[{"id":978,"href":"https:\/\/www.heartist.ch\/index.php?rest_route=\/wp\/v2\/pages\/889\/revisions\/978"}],"wp:attachment":[{"href":"https:\/\/www.heartist.ch\/index.php?rest_route=%2Fwp%2Fv2%2Fmedia&parent=889"}],"curies":[{"name":"wp","href":"https:\/\/api.w.org\/{rel}","templated":true}]}}