{"id":892,"date":"2016-08-29T15:56:03","date_gmt":"2016-08-29T15:56:03","guid":{"rendered":"https:\/\/www.heartist.ch\/?page_id=892"},"modified":"2016-09-01T10:07:20","modified_gmt":"2016-09-01T10:07:20","slug":"themen","status":"publish","type":"page","link":"https:\/\/www.heartist.ch\/?page_id=892","title":{"rendered":"Themen"},"content":{"rendered":"<p>[et_pb_section admin_label=&#187;Section&#187; fullwidth=&#187;off&#187; specialty=&#187;on&#187; background_image=&#187;https:\/\/www.heartist.ch\/wp-content\/uploads\/2016\/08\/hea_lp_bg.jpg&#187; transparent_background=&#187;off&#187; background_color=&#187;#ffffff&#187; allow_player_pause=&#187;off&#187; inner_shadow=&#187;off&#187; parallax=&#187;on&#187; parallax_method=&#187;off&#187; padding_mobile=&#187;off&#187; make_fullwidth=&#187;off&#187; use_custom_width=&#187;off&#187; width_unit=&#187;on&#187; make_equal=&#187;on&#187; use_custom_gutter=&#187;off&#187; parallax_1=&#187;off&#187; parallax_method_1=&#187;off&#187; parallax_2=&#187;off&#187; parallax_method_2=&#187;off&#187; parallax_3=&#187;off&#187; parallax_method_3=&#187;off&#187;][et_pb_column type=&#187;1_4&#8243;][et_pb_blurb admin_label=&#187;Blurb&#187; title=&#187;theatre&#187; url=&#187;https:\/\/www.heartist.ch\/?page_id=616&#8243; url_new_window=&#187;off&#187; use_icon=&#187;off&#187; font_icon=&#187;%%28%%&#187; icon_color=&#187;#dd9933&#8243; use_circle=&#187;off&#187; circle_color=&#187;#dd9933&#8243; use_circle_border=&#187;off&#187; circle_border_color=&#187;#dd9933&#8243; image=&#187;https:\/\/www.heartist.ch\/wp-content\/uploads\/2016\/08\/section4.jpg&#187; icon_placement=&#187;top&#187; animation=&#187;off&#187; background_layout=&#187;dark&#187; text_orientation=&#187;left&#187; use_icon_font_size=&#187;off&#187; use_border_color=&#187;off&#187; border_color=&#187;#ffffff&#187; border_style=&#187;solid&#187; max_width=&#187;250px&#187; background_color=&#187;rgba(224,153,0,0.5)&#187; custom_padding=&#187;25px|10px|10px|10px&#187; body_line_height=&#187;1em&#187; custom_margin=&#187;10px|10px|10px|10px&#187; header_font=&#187;Oswald||||&#187; header_font_size=&#187;30&#8243; header_letter_spacing=&#187;2px&#187;]<\/p>\n<p>\u201eTheater ist f\u00fcr mich die M\u00f6glichkei uns in alles hineinzuversetzen, von der Mikrobe bis zum All. Und die Freiheit, und auch Verantwortung, daraus neue sch\u00f6pferische Zug\u00e4nge und Spiel-R\u00e4ume zu er\u00f6ffnen, mehr Wert aus unserem Potential zu sch\u00f6pfen.<\/p>\n<p>[\/et_pb_blurb][et_pb_blurb admin_label=&#187;Blurb&#187; title=&#187;humour&#187; url=&#187;https:\/\/www.heartist.ch\/?page_id=647&#8243; url_new_window=&#187;off&#187; use_icon=&#187;off&#187; font_icon=&#187;%%28%%&#187; icon_color=&#187;#dd9933&#8243; use_circle=&#187;off&#187; circle_color=&#187;#dd9933&#8243; use_circle_border=&#187;off&#187; circle_border_color=&#187;#dd9933&#8243; image=&#187;https:\/\/www.heartist.ch\/wp-content\/uploads\/2016\/08\/section2.jpg&#187; icon_placement=&#187;top&#187; animation=&#187;off&#187; background_layout=&#187;dark&#187; text_orientation=&#187;left&#187; use_icon_font_size=&#187;off&#187; use_border_color=&#187;off&#187; border_color=&#187;#ffffff&#187; border_style=&#187;solid&#187; max_width=&#187;250px&#187; background_color=&#187;rgba(224,153,0,0.51)&#187; custom_padding=&#187;25px|10px|10px|10px&#187; body_line_height=&#187;1em&#187; custom_margin=&#187;10px|10px|10px|10px&#187; header_font_size=&#187;30&#8243; header_letter_spacing=&#187;2px&#187;]<\/p>\n<p>Von der kindlich unschuldigen, v\u00f6llig offenen Wahrnehmung und ansteckend begeisternden Phantasie bis zur \u00e4usserst kostbaren Narrenfreiheit die Wahrheit zu sagen, &#8211; Humor ist eine unersch\u00f6pfliche, lebenserhaltende Ressource!<\/p>\n<p>[\/et_pb_blurb][et_pb_blurb admin_label=&#187;Blurb&#187; title=&#187;abunDance&#187; url=&#187;https:\/\/www.heartist.ch\/?page_id=654&#8243; url_new_window=&#187;off&#187; use_icon=&#187;off&#187; font_icon=&#187;%%28%%&#187; icon_color=&#187;#dd9933&#8243; use_circle=&#187;off&#187; circle_color=&#187;#dd9933&#8243; use_circle_border=&#187;off&#187; circle_border_color=&#187;#dd9933&#8243; image=&#187;https:\/\/www.heartist.ch\/wp-content\/uploads\/2016\/08\/section3.jpg&#187; icon_placement=&#187;top&#187; animation=&#187;off&#187; background_layout=&#187;dark&#187; text_orientation=&#187;left&#187; use_icon_font_size=&#187;off&#187; use_border_color=&#187;off&#187; border_color=&#187;#ffffff&#187; border_style=&#187;solid&#187; max_width=&#187;250px&#187; background_color=&#187;rgba(224,153,0,0.5)&#187; custom_padding=&#187;25px|10px|10px|10px&#187; body_line_height=&#187;1em&#187; custom_margin=&#187;10px|10px|10px|10px&#187; header_font_size=&#187;30&#8243; header_letter_spacing=&#187;2px&#187;]<\/p>\n<p>Was Worte nicht verm\u00f6gen tanzt die F\u00fclle des Lebens durch den K\u00f6rper.<br \/>\nE-motion setzt Raum und Zeit in Bewegung und verbindet weit \u00fcber die Fingerspitzen hinaus&#8230;<\/p>\n<p>[\/et_pb_blurb][et_pb_blurb admin_label=&#187;Blurb&#187; title=&#187;blesSings&#187; url=&#187;https:\/\/www.heartist.ch\/?page_id=651&#8243; url_new_window=&#187;off&#187; use_icon=&#187;off&#187; font_icon=&#187;%%66%%&#187; icon_color=&#187;#dd9933&#8243; use_circle=&#187;off&#187; circle_color=&#187;#dd9933&#8243; use_circle_border=&#187;off&#187; circle_border_color=&#187;#dd9933&#8243; image=&#187;https:\/\/www.heartist.ch\/wp-content\/uploads\/2016\/08\/section1.jpg&#187; icon_placement=&#187;top&#187; animation=&#187;off&#187; background_layout=&#187;dark&#187; text_orientation=&#187;left&#187; use_icon_font_size=&#187;off&#187; use_border_color=&#187;off&#187; border_color=&#187;#ffffff&#187; border_style=&#187;solid&#187; max_width=&#187;250px&#187; background_color=&#187;rgba(224,153,0,0.5)&#187; custom_padding=&#187;25px|10px|10px|10px&#187; body_line_height=&#187;1em&#187; custom_margin=&#187;10px|10px|10px|10px&#187; header_font_size=&#187;30&#8243; header_letter_spacing=&#187;2px&#187;]<\/p>\n<p>Lieder tauchen auf<br \/>\nin starken Momenten starker Gef\u00fchle<br \/>\ntransformieren diese<br \/>\nwie der Segen<br \/>\nnach dem kl\u00e4renden Regen<br \/>\nhinterlassen<br \/>\nden Duft<br \/>\nfrischer Erde<\/p>\n<p>[\/et_pb_blurb][\/et_pb_column][et_pb_column type=&#187;1_4&#8243;][et_pb_text admin_label=&#187;Text&#187; background_layout=&#187;dark&#187; text_orientation=&#187;center&#187; text_font=&#187;Droid Serif||||&#187; text_font_size=&#187;24&#8243; text_text_color=&#187;#ffffff&#187; use_border_color=&#187;off&#187; border_color=&#187;#ffffff&#187; border_style=&#187;solid&#187; background_color=&#187;rgba(224,153,0,0.5)&#187; custom_padding=&#187;50px|10px|1000px|10px&#187; custom_margin=&#187;10px|10px|10px|10px&#187;]<\/p>\n<p style=\"text-align: center;\"><img loading=\"lazy\" decoding=\"async\" class=\"size-medium wp-image-933 aligncenter\" src=\"https:\/\/www.heartist.ch\/wp-content\/uploads\/2016\/08\/pos_lp_logo-03-300x150.png\" alt=\"pos_lp_logo-03\" width=\"300\" height=\"150\" srcset=\"https:\/\/www.heartist.ch\/wp-content\/uploads\/2016\/08\/pos_lp_logo-03-300x150.png 300w, https:\/\/www.heartist.ch\/wp-content\/uploads\/2016\/08\/pos_lp_logo-03.png 500w\" sizes=\"auto, (max-width: 300px) 100vw, 300px\" \/> erm\u00f6glicht mit starken theatralen Ausdrucksmitteln neue herzerfrischende Sichtweisen. Themen werden auf ganz eigene Weise reflektiert mittels Humor, Poesie und in begeisternder Interaktion.<\/p>\n<p>[\/et_pb_text][\/et_pb_column][et_pb_column type=&#187;1_2&#8243; specialty_columns=&#187;2&#8243;][et_pb_row_inner admin_label=&#187;Row&#187;][\/et_pb_row_inner][\/et_pb_column][\/et_pb_section]<\/p>\n","protected":false},"excerpt":{"rendered":"<p>\u201eTheater ist f\u00fcr mich die M\u00f6glichkei uns in alles hineinzuversetzen, von der Mikrobe bis zum All. Und die Freiheit, und auch Verantwortung, daraus neue sch\u00f6pferische Zug\u00e4nge und Spiel-R\u00e4ume zu er\u00f6ffnen, mehr Wert aus unserem Potential zu sch\u00f6pfen. Von der kindlich unschuldigen, v\u00f6llig offenen Wahrnehmung und ansteckend begeisternden Phantasie bis zur \u00e4usserst kostbaren Narrenfreiheit die Wahrheit [&hellip;]<\/p>\n","protected":false},"author":1,"featured_media":0,"parent":0,"menu_order":0,"comment_status":"closed","ping_status":"closed","template":"","meta":{"_et_pb_use_builder":"on","_et_pb_old_content":"","_et_gb_content_width":"","footnotes":""},"class_list":["post-892","page","type-page","status-publish","hentry"],"_links":{"self":[{"href":"https:\/\/www.heartist.ch\/index.php?rest_route=\/wp\/v2\/pages\/892","targetHints":{"allow":["GET"]}}],"collection":[{"href":"https:\/\/www.heartist.ch\/index.php?rest_route=\/wp\/v2\/pages"}],"about":[{"href":"https:\/\/www.heartist.ch\/index.php?rest_route=\/wp\/v2\/types\/page"}],"author":[{"embeddable":true,"href":"https:\/\/www.heartist.ch\/index.php?rest_route=\/wp\/v2\/users\/1"}],"replies":[{"embeddable":true,"href":"https:\/\/www.heartist.ch\/index.php?rest_route=%2Fwp%2Fv2%2Fcomments&post=892"}],"version-history":[{"count":2,"href":"https:\/\/www.heartist.ch\/index.php?rest_route=\/wp\/v2\/pages\/892\/revisions"}],"predecessor-version":[{"id":987,"href":"https:\/\/www.heartist.ch\/index.php?rest_route=\/wp\/v2\/pages\/892\/revisions\/987"}],"wp:attachment":[{"href":"https:\/\/www.heartist.ch\/index.php?rest_route=%2Fwp%2Fv2%2Fmedia&parent=892"}],"curies":[{"name":"wp","href":"https:\/\/api.w.org\/{rel}","templated":true}]}}